hundreds digit of c(13)?
9
Let m(o) = -o**3 - 6*o**2 + 6*o - 5. Let v be m(-7). Suppose 4*x = -q + 115, 3*x + 2*q - 34 = 2*x. Let c = x - v. What is the units digit of c?
6
Let t(u) be the first derivative of -9 - 3 - 24*u + 20*u**2 - 9 + 3. What is the units digit of t(7)?
6
Suppose 1479*a + 182 = 1661*a. Let l(o) be the third derivative of 13*o**6/6 - o**5/30 + o**4/6 - o**3/2 + o**2. What is the tens digit of l(a)?
5
Let k(d) = -d**3 - d + 3. Suppose -13*w + 11*w = 0. Let b be k(w). Suppose o + 12 = -t - 4*o, b*t - 12 = o. What is the units digit of t?
3
Suppose -3*g = o - 308, -568 = 4*o + 3*g - 1845. Suppose 0 = 5*u - o + 103. What is the units digit of u?
4
Let k = 28 + -16. Suppose 0*r - r - 3*n = -11, -3*n = -k. Let t(y) = -25*y**3 - y - 2. What is the units digit of t(r)?
4
Suppose u + r = 25563, 58*u + 127814 = 63*u + 4*r. What is the tens digit of u?
6
Suppose 24*u - 7452 = 27*u. What is the units digit of 3/15 - u/30?
3
Suppose -3*r + z - 45 = 62, 0 = r - 3*z + 49. Let n be 2/4 + (-76)/8 - 1. Let i = n - r. What is the tens digit of i?
2
Let o(g) = -40*g + 126. Let c be o(3). Let h = -6 - -6. Suppose h = c*x - 436 - 146. What is the units digit of x?
7
Let t(m) = 156*m + 3 - 12 + 5 + 0 - 13. What is the hundreds digit of t(4)?
6
Let w(v) = 7*v - 9 - 8*v + 1 + 3*v. Let n be w(5). What is the units digit of n/10 - (-54)/30?
2
Suppose 30*k = 63748 - 2049 + 64481. What is the tens digit of k?
0
Let l = -44342 + 44651. What is the tens digit of l?
0
Let u(n) = 3*n**2 - n - 12. Let w be u(-8). Let t = w + 84. Suppose 0 = x + 3*a + 2*a - 119, 2*a = 3*x - t. What is the tens digit of x?
9
Suppose 149*u = 12*u - 388*u + 10002825. What is the hundreds digit of u?
0
Let w(y) = -y**3 - y**2 + y + 2. Let o be w(0). Suppose -6*k = o*k + k. Suppose 9*n = -k*n + 585. What is the tens digit of n?
6
Let h = -771 + 806. Suppose -h*u - 3*d + 3186 = -30*u, -4*d + 1905 = 3*u. What is the tens digit of u?
3
Let n(s) = 2291*s**2 - 13*s + 34. What is the thousands digit of n(2)?
9
Let s(h) = 44*h**2 - 3*h + 3. Let b be s(-4). Suppose 1231 = d - b. What is the tens digit of d?
5
Let b be 6/3 - 7/(21/(-9)). Suppose r = -b*w + 2*r + 324, -r = w - 66. What is the units digit of w?
5
Suppose -5*m - 2*n + 38 = 4, -2*m + 5*n = -31. Suppose 15 = m*f - 5*f. Suppose f*b - b - 296 = 0. What is the units digit of b?
4
Suppose 3*s - 51965 = -g, 2*g + 34654 = 378*s - 376*s. What is the units digit of s?
3
Suppose -3 = 3*k + 2*a - 5, 5*a = -3*k + 5. Suppose k = -i - 3*d + 7, 17 = 5*i - d - 2*d. Let l(f) = f**2 - 3*f + 11. What is the units digit of l(i)?
5
Let q(r) = -84*r - 116. Let o(y) = -2. Let h(b) = -12*o(b) - q(b). What is the units digit of h(4)?
6
Let n = 88110 - 47612. What is the units digit of n?
8
Suppose -51*q - 2*q = 10*q - 871290. What is the thousands digit of q?
3
Let z be 1/(-2) - 8/(-16). Let x be (z + (-1)/2)*(-1464 + 28). Suppose -4*j + x = 4*n + j, 3*n + j - 544 = 0. What is the tens digit of n?
8
Let x(n) = -13*n**3 - 1319 + 2643 - 2*n**2 - 1316 + n. What is the units digit of x(-4)?
4
Suppose 9*l + 21079 - 237763 = 111321. What is the hundreds digit of l?
4
Suppose g + 190 = -5*n, 5*n + 173 = n - 5*g. Let h = n + 71. Suppose 2*s + 5*q = -2*s + 92, 0 = 3*s - 5*q - h. What is the units digit of s?
8
Suppose 2*u - 15 = 3*t, 2*t + 77 - 23 = 5*u. Let m(z) = -z**3 + 15*z**2 + 19*z - 44. What is the tens digit of m(u)?
1
Let p be 5/((5/(-25))/(6/(-25))). Suppose -27*n = p*n - 9768. What is the hundreds digit of n?
2
Let b(m) = -121*m**2 - m**3 + 150*m**2 + 71*m + 35*m + 66. What is the hundreds digit of b(32)?
3
Let s(k) = 2*k + 5. Let m be s(-5). Let p = 19 + m. Suppose 5*g = -3*h + 186, g - h + p = 48. What is the tens digit of g?
3
Let f(m) = 3*m + 24. Let l be f(-5). Suppose -4*a + 92 = -3*a. Suppose l*u + a = 11*u. What is the units digit of u?
6
Let r(f) = 695*f + 224. What is the tens digit of r(24)?
0
Let n(b) = -3*b**3 - 12*b**2 + b - 7. Suppose -2 = -9*m - 47. Let j be n(m). Suppose -j + 29 = -o. What is the units digit of o?
4
Let g = -2590 - -6054. What is the tens digit of g/15*2 - (-16)/120?
6
What is the tens digit of 5/(204/(-147968)*(-4)/(-6)*-1)?
4
Suppose 0 = 3*x - s - 30240, -22*s + 20*s = -x + 10075. What is the units digit of x?
1
Let c be 3/(-1*(-24)/(-1360)). Let h = 352 + c. What is the tens digit of h?
8
Suppose 0 = g - 5*n - 315, -3*g - 2*n + 108 = -837. Let j = g + -217. Suppose d = 37 + j. What is the hundreds digit of d?
1
Suppose -3*z + 315 = 2*z + 2*j, -2*j - 315 = -5*z. Let f = -54 + z. Suppose 1256 = f*m + 59. What is the tens digit of m?
3
Suppose -3*o - 2*h + 0*h - 18 = 0, 5*h = 0. What is the tens digit of (-2)/o*-1601*(13 - 16)?
0
Let c be 1443/(-12)*2*2. Let h = c + 1139. What is the tens digit of h?
5
Let p = -2187 + 1546. Let u = p - -1253. Suppose -u = -4*s - 5*b, -765 = -5*s - b - 0*b. What is the tens digit of s?
5
Suppose 2*x + 3*t - 23941 = 0, -5*x - 5*t + 19155 = -40705. What is the tens digit of x?
7
Let o(s) = s**3 - s**2 - 4. Let k be o(2). Suppose 2*z + 5*c + 29 = k, -5*c = -4*z - 4*c - 3. What is the units digit of (-139)/z + ((-3)/(-3))/2?
0
Suppose -42558 = -5*r + 3*v, -10870 = -3*r + 3*v + 14666. What is the hundreds digit of r?
5
Let w be 55*(0 + (-4)/10). Let r = w + 189. What is the tens digit of r?
6
Suppose -5*i = -2*s + 58149, 690*s - 116304 = 686*s + 4*i. What is the thousands digit of s?
9
Suppose -3*h + 29*x = 25*x - 10555, 0 = -h + 5*x + 3500. What is the thousands digit of h?
3
Suppose 0 = 224*y - 219*y - 30035. What is the thousands digit of y?
6
Let x(d) = -17*d + 1. Let h be 8/(-2)*153/(-18). Suppose -30*j + 8 = -h*j. What is the tens digit of x(j)?
3
Let w(z) = 1779*z + 10253. What is the tens digit of w(7)?
0
Suppose 31*b - 2088 = 49*b. What is the units digit of (-6 - -23)/(2/b*-2)?
3
Let g be (2 + 0 + -1)/((-11)/(-8657)). Suppose -x + 131 = -g. What is the hundreds digit of x?
9
Suppose -y = -3*x + 20, 20 = -x + 2*y - 7*y. What is the tens digit of (x - 120/5)*-1?
1
Let x be ((-4)/18)/((-8)/72). Suppose -22 = -3*y + x*r, -5*r - 13 = 12. What is the tens digit of y/(-10) + 335/25?
1
Suppose -3*i - 5*a - 77 = 0, -4*i - 2*a - 3*a - 96 = 0. Let z be 2/(2/(-8) - 11/44). What is the units digit of (i/z)/(8/32)?
9
Let b be (-16 + 3)*(-1 + (-2 - -2)). Suppose -13188 = -b*j + j. What is the hundreds digit of j?
0
Let b = 48 + -71. Let g(r) = r**2 + 22*r - 7. Let d be g(b). Let i = d + 37. What is the units digit of i?
3
Let f(t) = 2*t**3 - 10*t**2 - t + 5. Let h be f(5). Suppose h = s - 2, 3*q - 2225 = -5*s + 1040. What is the thousands digit of q?
1
Let i(o) = -11*o + 2. Let d be i(0). Let n(p) = -p + 50*p**2 - 60 - 9*p**2 + 64. What is the tens digit of n(d)?
6
Suppose -59*r + 60*r + q - 6426 = 0, 24 = -3*q. What is the hundreds digit of r?
4
Let v(u) = -u**2 - 32*u + 273. Let b be v(-39). Let t = -709 + 1266. Suppose b = 5*f - 1597 + t. What is the hundreds digit of f?
2
What is the thousands digit of -393*(-70)/63*90/25?
1
Suppose -4*s = 2*v - 8, -13*s + 1 = -12*s. Let m(i) be the second derivative of 5*i**4/2 + 5*i**3/6 - 5*i**2/2 - 2*i. What is the hundreds digit of m(v)?
1
Suppose 2*o - 67320 = -5*v, 2*v = 436*o - 441*o + 168363. What is the tens digit of o?
7
Let x = -7 - 54. Let a = -16 - x. What is the units digit of a + (-2)/(-1) + -4?
3
Suppose 475*a = 353*a + 5056046. What is the thousands digit of a?
1
Let w = 122 + -26. Let x = w - 37. What is the units digit of x?
9
Let h be 1/((-2)/(-68)) + 0. What is the tens digit of 6/(-1) + 1018 + h?
4
Let a = -49 - -51. What is the tens digit of (120 - (a - -6))/((-1)/(-1))?
1
Suppose -3*o + 1 = -17. Suppose -6948 = -o*v + 18. What is the units digit of v?
1
Let p(z) = -z**3 + 2*z**2 + 2*z - 1. Let m be p(2). Let y(o) = -56 + 73 + 0*o + 8*o**2 + 11*o + o**m. What is the units digit of y(-5)?
7
Let f be (-54015)/15 - (-8)/1. Let j = f - -5303. What is the thousands digit of j?
1
Suppose 236 = 21*o - 79. What is the tens digit of (-5023)/(-6) - -2*o/36?
3
Suppose 4*c - 34 = -2*l, -c - 2*l + 2 = -2. What is the tens digit of (0 - c/8)*-620?
7
What is the thousands digit of 3317 - (5 + -23) - (-5 + -1)?
3
Suppose -3*u - 12*w + 11*w - 1951 = 0, w = 4*u + 2606. Let x = u - -1118. What is the units digit of x?
7
Suppose 0 = 2*t + 16, 3*w